 4*y, 3*w + 2*w + 5*y = 15. Let u = w + 5. Let g = 8 + 4. Calculate the greatest common divisor of g and u.
6
Suppose 5*o - 3*n + 0*n = -65, 0 = 2*o + 5*n - 5. Let x be 284/6 - 8/6. Let z = o + x. What is the highest common factor of 4 and z?
4
Suppose -3*n = -78 + 42. Let x(i) = 2*i**2 + 21*i + 19. Let h be x(-11). What is the highest common factor of n and h?
6
Let g(o) = -6*o - 123. Let a be g(-24). What is the highest common factor of a and 28?
7
Let j = -203 - -412. Let v = 387 - 368. What is the greatest common divisor of j and v?
19
Suppose s + 83 = 221. Suppose 0 = -u + 92. What is the greatest common divisor of s and u?
46
Suppose -4*p = -7*p - k - 13, k + 8 = -2*p. Let g = p - -23. Calculate the highest common divisor of g and 12.
6
Let i = -916 + 919. What is the greatest common factor of i and 537?
3
Suppose -97 = 3*c - 109. What is the highest common factor of c and 256?
4
Suppose -8 = 4*q + 3*d + 25, -5*q - 3*d - 42 = 0. Let z(s) = s**3 + 12*s**2 + 14*s + 35. Let m be z(q). Calculate the highest common factor of 8 and m.
8
Let m(a) = -3*a - 2. Let o(w) = -w**3 - 5*w**2 - 5*w - 4. Let k be o(-3). Let h be m(k). Calculate the highest common factor of 19 and h.
19
Let f(j) = 2197*j + 87 - 2198*j - 76. Suppose 2*i - 5*i = -5*l + 20, -2*l - 4*i = -34. Let k be f(l). Calculate the greatest common factor of 44 and k.
4
Let p be (13/(-4))/((-35)/140). Let k(n) = -n**3 - 3*n**2 - 3*n. Let q be k(-5). Calculate the highest common divisor of p and q.
13
Let k(b) = -b**2 + 64*b + 456. Let r be k(70). What is the highest common divisor of r and 576?
36
Let q be 51/5 - (-3)/(-15). Let y be ((-40)/(-6))/(9/27). What is the greatest common factor of q and y?
10
Let d = 735 - 471. Suppose 2*t + 5*j = -103 - 20, -5*t + 2*j = d. Let o be -1*1/(3/t). Calculate the greatest common factor of 2 and o.
2
Let z = -329 - -208. Let m be z + -2*(-6)/(-4). Let g be 1 - 1 - (m - -4). What is the highest common factor of 15 and g?
15
Let c be 185/35 - 18/63. What is the highest common factor of 160 and c?
5
Suppose 4 = 4*p - 32. Let g be 6/(4 + (-20)/6). What is the highest common divisor of p and g?
9
Suppose -8*s + 9*s - 2*t - 37 = 0, -4 = 4*t. Calculate the highest common factor of s and 63.
7
Suppose -45*j + 17506 - 4546 = 0. Suppose 2*d + 4*q = d + 36, 4*d + 4*q - 132 = 0. Calculate the highest common divisor of j and d.
32
Let b(q) = 4*q**2 - 52*q - 127. Let i be b(37). Calculate the highest common factor of 25 and i.
25
Let d be 23/(-7) + 4/14. Let w be ((-2)/d)/(1/66). Suppose -w - 12 = -4*t. Calculate the greatest common factor of t and 28.
14
Suppose -5*w + 1955 + 2270 = 0. What is the highest common factor of w and 65?
65
Let j be 3 + 0 + 1 + -3. Let q be j/((-21)/(-18) + -1). What is the highest common factor of q and 24?
6
Suppose -5 + 125 = -5*n. Suppose -2*m - 3*x = 39, -m - 4*x = -3*m - 32. Let s = m - n. Calculate the greatest common divisor of s and 12.
6
Let l(b) = 3*b**2 - 10*b - 47. Let g be l(-5). Suppose -2*w + 59 = 3*s - 103, 4*w = -5*s + 272. Calculate the highest common divisor of g and s.
26
Let j(n) = -n - 2. Let h be j(-6). Suppose 0*r - 2*r + h = 0. Let i be r + 0 - (-24)/4. Calculate the greatest common factor of i and 32.
8
Suppose 5*l - 3*l - 4 = 0. Let v be (14/21)/(l/(-3)). Let a be (-4)/4 - (-1 + v). What is the highest common divisor of 5 and a?
1
Suppose 3*m = 5*m - 470. Let j = -136 + m. What is the greatest common factor of j and 11?
11
Let l = 49 - -28. Suppose 10*i + 84 = 12*i. Suppose -5*z - z = -i. Calculate the greatest common divisor of z and l.
7
Let g be (-12)/(42/12 - 5). Calculate the greatest common divisor of g and 584.
8
Suppose -14*j + 16 = -11*j - 5*o, 4*j - 23 = 5*o. Calculate the highest common factor of j and 119.
7
Let u = -187 + 262. Suppose 3*v = 108 + 42. What is the greatest common factor of v and u?
25
Let i = 50 + -38. Suppose -4*s = 8 - i. Calculate the greatest common factor of 9 and s.
1
Let h = 563 - 347. What is the highest common divisor of h and 8?
8
Let s = -6 - -8. Suppose -4 = s*d - 58. Let v be 44/(-5)*(17 - d). Calculate the greatest common factor of v and 22.
22
Let c = -144 + 182. Let n be ((-3)/3)/((-2)/38). Calculate the highest common divisor of n and c.
19
Suppose 0 = -4*m + 2 + 6. Let o be 35/2 - m/4. Let y = 27 - o. Calculate the greatest common divisor of y and 110.
10
Let w(g) be the first derivative of 2*g + 3/2*g**2 + 0*g**3 + 4 - 1/2*g**4. Let t be w(-2). What is the greatest common factor of t and 12?
12
Let q = 537 - 355. Calculate the greatest common factor of 14 and q.
14
Suppose -20 = 4*u, -4*i - 2672 = -5*u + 1639. Let t be 0 + -1 - i/4. Let g be ((-405)/36)/(3/(-8)). Calculate the highest common divisor of t and g.
30
Let h(l) be the first derivative of -l**4/4 - 13*l**3/3 - 3*l**2/2 - 5*l - 13. Let j be h(-13). Calculate the highest common divisor of 374 and j.
34
Let y = -9 + 43. What is the highest common divisor of 8 and y?
2
Suppose 0 = b - 4*l + 5*l, -5*b + 5*l = -10. Suppose b = 3*r - 47. Calculate the greatest common factor of r and 12.
4
Let l be (-17 - -22) + (-2)/1. Let f be 2 - (1 - -1 - 80). Suppose -7*k + f = -l*k. What is the highest common divisor of k and 8?
4
Let q(m) = 8*m**2 - 18 + 3*m**2 + 4 + m**2 - m**3 - 5*m. Let c be q(11). Calculate the greatest common factor of 52 and c.
52
Let y = -1964 - -1992. Calculate the highest common divisor of 371 and y.
7
Suppose -6*l + 11 + 205 = 0. Let i(x) = -57*x + 3. Let o be i(-1). Calculate the highest common factor of l and o.
12
Let b be 6*15/10 + 27. Calculate the highest common factor of 96 and b.
12
Suppose 4*m + 5*s = 209, -4*m + 259 = -s + 32. Let x(g) = -33*g + 8. Let z be x(0). What is the greatest common divisor of m and z?
8
Suppose 6*p = p - 6435. Let b be p/(-36) - 1/(-4). Let w = 21 + 3. What is the greatest common divisor of w and b?
12
Suppose -72 = 3*m + 5*m. Let p(l) = l - 9. Let y be p(m). Let d be (y/15)/(1/(-45)). Calculate the highest common factor of 18 and d.
18
Let u be -6 + -1 + (-560)/(-56). Suppose 0 = -3*t + 2*t + 69. What is the greatest common divisor of u and t?
3
Let b(x) = -x**3 + 12*x**2 - x + 10. Let w be b(11). Suppose w = -j + 4*j. Let t be (-4)/12*(-60)/2. What is the highest common factor of t and j?
10
Let j(z) = 41*z**3 - z. Let o be j(1). Let y = -147 + 152. Calculate the greatest common factor of o and y.
5
Let z(k) = -2*k + 16. Let n be (-6)/39 - 284/13. Let p be (4/(-3))/(n/(-165)). Let j be z(p). What is the highest common divisor of j and 4?
4
Let i(w) = -6*w + 6. Let u(c) = c**2 + 3*c + 5. Let k be u(-2). Let o be i(k). Let l = -7 - o. Calculate the greatest common factor of l and 55.
5
Suppose 0 = 5*h + w - 2073, 17*h - 13*h - 1671 = -5*w. Calculate the greatest common factor of h and 126.
18
Let r be -15*(-146)/21 - (-48)/(-168). What is the greatest common divisor of 676 and r?
52
Let t be -2*4/(-8) + -3. Let z = 8 + t. What is the greatest common divisor of z and 15?
3
Suppose d = -5 + 10. Suppose 0 = -5*i + 25, 3*j + d*i = 3*i + 22. Calculate the greatest common divisor of 20 and j.
4
Suppose -18 = 3*u - 5*u. Suppose 0 = 7*y + 52 - 10. Let q = u - y. What is the highest common factor of 165 and q?
15
Let x(z) = -2*z**3 + 3*z**2 - z - 4. Let u be x(2). Let f = 7 - u. What is the highest common factor of 34 and f?
17
Let d(o) = -o + 21. Let i be d(19). Let c be 1*(-1*6)/i*-5. Suppose 0 = n - 119 - 1. Calculate the highest common divisor of c and n.
15
Let j(n) = -8*n + 6. Let t be j(-3). Suppose y + y - t = -2*u, -5*y + 3*u + 115 = 0. Calculate the highest common divisor of y and 30.
10
Let t = -28 + 31. What is the highest common factor of 81 and t?
3
Let a(c) = 2*c**3 - 3*c**2 + 65*c - 203. Let t be a(3). What is the greatest common divisor of 38 and t?
19
Let u be (-56)/(-21)*225/20. Calculate the highest common divisor of 750 and u.
30
Let q(f) = 8*f**3 - 2*f**2 - 6. Let n be q(3). Let i be (n/(-5) + (-10)/(-25))/(-2). Calculate the highest common divisor of i and 152.
19
Suppose 0 = 38*v - 43*v + 2*q + 86, -4*v + 61 = q. What is the greatest common divisor of 1712 and v?
16
Suppose 0 = -5*v + 3*v - 32. Let r = -11 - v. Let q(a) = 3*a**2 - 35*a + 27. Let t be q(11). What is the greatest common divisor of r and t?
5
Let z(w) = w**3 + w + 0*w**3 +